alse
Does 129 divide 24381?
True
Is 18 a factor of 1978092?
True
Is 46 a factor of 165830?
True
Does 216 divide 176966?
False
Is 28 a factor of 164506?
False
Is 10086449 a multiple of 12?
False
Does 18 divide 57704?
False
Does 5 divide 467503?
False
Is 511 a factor of 196224?
True
Is 107 a factor of 1159452?
True
Is 778591 a multiple of 42?
False
Is 48 a factor of 147698?
False
Is 1068378 a multiple of 246?
True
Is 1113037 a multiple of 537?
False
Does 35 divide 96915?
True
Does 225 divide 2205000?
True
Is 141120 a multiple of 60?
True
Does 6 divide 131761?
False
Is 25763 a multiple of 244?
False
Does 33 divide 356037?
True
Does 76 divide 496357?
False
Does 31 divide 18838?
False
Is 114160 a multiple of 10?
True
Does 52 divide 2978016?
False
Does 26 divide 84006?
True
Is 6 a factor of 1827518?
False
Does 533 divide 981169?
False
Does 1139 divide 3107192?
True
Is 34 a factor of 8478?
False
Is 2898735 a multiple of 3?
True
Is 1171648 a multiple of 16?
True
Is 1830690 a multiple of 78?
False
Does 686 divide 441309?
False
Does 243 divide 19506?
False
Does 21 divide 1186910?
False
Is 46 a factor of 28595?
False
Does 25 divide 330805?
False
Is 1341585 a multiple of 5?
True
Does 142 divide 49816?
False
Is 660 a factor of 158194?
False
Is 326 a factor of 786964?
True
Is 272040 a multiple of 120?
True
Is 254609 a multiple of 100?
False
Is 98308 a multiple of 6?
False
Is 187 a factor of 2856845?
False
Does 54 divide 5585490?
True
Does 12 divide 696086?
False
Does 54 divide 1097187?
False
Does 15 divide 1612680?
True
Is 14 a factor of 672490?
True
Does 38 divide 809628?
True
Is 11144949 a multiple of 79?
False
Does 233 divide 441485?
False
Is 310 a factor of 160580?
True
Is 7 a factor of 1974602?
True
Is 5 a factor of 33975?
True
Does 19 divide 388031?
False
Is 97794 a multiple of 26?
False
Does 17 divide 187310?
False
Does 46 divide 348338?
False
Does 14 divide 424989?
False
Is 3066253 a multiple of 7?
False
Is 89776 a multiple of 152?
False
Does 218 divide 124042?
True
Does 170 divide 47666?
False
Does 2472 divide 10923768?
True
Is 286638 a multiple of 204?
False
Is 59 a factor of 50965?
False
Does 20 divide 300288?
False
Does 21 divide 446355?
True
Does 24 divide 1071452?
False
Does 173 divide 44568?
False
Does 197 divide 230711?
False
Does 14 divide 24248?
True
Does 981 divide 953532?
True
Does 34 divide 799878?
False
Does 14 divide 1529024?
True
Is 36 a factor of 1453788?
True
Is 25 a factor of 27155?
False
Does 167 divide 2212750?
True
Is 164 a factor of 4264606?
False
Is 20368 a multiple of 16?
True
Is 4 a factor of 6303?
False
Is 476 a factor of 4108716?
False
Does 309 divide 4502381?
False
Is 1105 a factor of 7531680?
True
Does 27 divide 1582227?
True
Does 32 divide 53920?
True
Is 17511505 a multiple of 123?
False
Is 65 a factor of 111540?
True
Does 455 divide 180972?
False
Does 24 divide 208560?
True
Is 123924 a multiple of 46?
True
Does 15 divide 1368953?
False
Is 863610 a multiple of 33?
True
Is 6 a factor of 1057062?
True
Is 4728638 a multiple of 51?
False
Is 428 a factor of 10040452?
True
Is 10748 a multiple of 5?
False
Does 84 divide 2440212?
False
Is 213 a factor of 81366?
True
Does 3 divide 234563?
False
Is 111 a factor of 5965437?
False
Is 9 a factor of 46827?
True
Is 67 a factor of 2100785?
True
Is 2970430 a multiple of 10?
True
Is 759 a factor of 1287432?
False
Does 46 divide 2569468?
True
Is 11388 a multiple of 39?
True
Is 14 a factor of 364919?
False
Is 15533605 a multiple of 2253?
False
Is 171 a factor of 676687?
False
Is 131 a factor of 830540?
True
Does 74 divide 5381428?
True
Does 65 divide 353795?
True
Does 786 divide 2031662?
False
Is 3474457 a multiple of 18?
False
Is 897129 a multiple of 223?
True
Does 189 divide 2438425?
False
Is 136 a factor of 1223038?
False
Is 19 a factor of 1597405?
False
Is 104103 a multiple of 61?
False
Is 244 a factor of 6761972?
True
Is 350 a factor of 408351?
False
Is 15930 a multiple of 15?
True
Is 130 a factor of 221168?
False
Is 18 a factor of 8417034?
True
Is 66 a factor of 172722?
True
Is 7325845 a multiple of 26?
False
Is 7 a factor of 4964500?
False
Does 44 divide 88727?
False
Is 286212 a multiple of 138?
True
Does 7 divide 29518?
False
Does 11 divide 130925?
False
Does 79 divide 2149511?
True
Does 21 divide 748776?
True
Does 330 divide 780412?
False
Is 46 a factor of 23239?
False
Is 48954 a multiple of 9?
False
Is 1260160 a multiple of 220?
True
Is 12 a factor of 9515529?
False
Is 27 a factor of 177579?
True
Is 179699 a multiple of 23?
True
Is 2491061 a multiple of 2?
False
Does 21 divide 168231?
True
Does 75 divide 29665?
False
Is 93 a factor of 5257078?
False
Does 8 divide 243621?
False
Does 55 divide 720060?
True
Is 3 a factor of 205633?
False
Does 14 divide 2972732?
True
Does 27 divide 669090?
False
Is 67 a factor of 374798?
True
Is 3377514 a multiple of 177?
True
Does 10 divide 58600?
True
Is 8 a factor of 34330?
False
Does 39 divide 3728989?
False
Is 21 a factor of 15080109?
False
Does 77 divide 317548?
True
Is 267384 a multiple of 52?
True
Does 598 divide 8681041?
False
Does 56 divide 1232?
True
Is 46 a factor of 69966?
True
Does 47 divide 2055498?
True
Is 2 a factor of 82494?
True
Does 16 divide 3285088?
True
Is 333587 a multiple of 9?
False
Is 204932 a multiple of 406?
False
Does 25 divide 5023749?
False
Is 40996 a multiple of 40?
False
Is 178 a factor of 394448?
True
Does 118 divide 29058916?
True
Does 97 divide 324077?
True
Is 518 a factor of 12835004?
True
Does 31 divide 227974?
True
Does 249 divide 4489244?
False
Is 30223438 a multiple of 14?
True
Is 95224 a multiple of 23?
False
Is 42 a factor of 691278?
True
Is 14 a factor of 410816?
True
Is 170 a factor of 278460?
True
Does 7 divide 24832?
False
Does 33 divide 147923?
False
Is 13 a factor of 32278140?
False
Is 9873402 a multiple of 1491?
True
Is 423 a factor of 336708?
True
Does 179 divide 2384108?
False
Is 903 a factor of 378915?
False
Is 18 a factor of 392328?
True
Does 16 divide 2227490?
False
Is 379410 a multiple of 30?
True
Does 219 divide 209145?
True
Does 4 divide 968932?
True
Is 1150690 a multiple of 230?
True
Is 5296451 a multiple of 309?
False
Is 66699 a multiple of 9?
True
Does 352 divide 1193280?
True
Is 1260992 a multiple of 34?
True
Does 695 divide 6151224?
False
Is 159360 a multiple of 48?
True
Does 2 divide 222793?
False
Is 201942 a multiple of 7?
False
Is 153 a factor of 483021?
True
Is 16 a factor of 4352231?
False
Is 613027 a multiple of 10?
False
Is 204193 a multiple of 11?
True
Does 2 divide 6047?
False
Is 6 a factor of 4311950?
False
Does 116 divide 41412?
True
Does 23 divide 6850187?
False
Is 2705181 a multiple of 190?
False
Is 11 a factor of 4730063?
False
Is 132867 a multiple of 216?
False
Does 171 divide 381155?
False
Is 8606300 a multiple of 309?
False
Is 941052 a multiple of 84?
True
Is 10 a factor of 207258?
False
Is 89440 a multiple of 10?
True
Is 42634 a multiple of 6?
False
Is 9065508 a multiple of 19?
True
Does 97 divide 2476022?
True
Does 37 divide 84545?
True
Is 3 a factor of 255534?
True
Is 396718 a multiple of 86?
True
Is 10116534 a multiple of 58?
True
Is 11 a factor of 213431?
False
Is 103936 a multiple of 406?
True
Is 50760 a multiple of 27?
True
Is 46656 a multiple of 2?
True
Does 709 divide 341270?
False
Is 324502 a multiple of 214?
False
Is 5 a factor of 736664?
False
Is 346356 a multiple of 108?
True
Is 20 a factor of 26479?
False
Is 17250 a multiple of 50?
True
Is 64 a factor of 357184?
True
Is 396915 a multiple of 3?
True
Is 834 a factor of 14861527?
False
Is 10 a factor of 3287101?
False
Does 613 divide 1626194?
False
Is 20 a factor of 143151?
False
Is 6879344 a multiple of 54?
False
Is 72 a factor of 9937212?
False
Is 83 a factor of 1829389?
False
Does 43 divide 41452?
True
Is 35 a factor of 24430?
True
Is 22 a factor of 456464?
False
Is 156206 a multiple of 480?
False
Is 326232 a multiple of 46?
True
Is 120812 a multiple of 544?
False
Is 1340780 a multiple of 140?
True
Does 51 divide 6383962?
False
Is 103 a factor of 61865?
False
Is 18 a factor of 19068984?
True
Does 78 divide 523926?
True
Does 110 divide 2735547?
False
Does 366 divide 299952?
False
Is 885 a factor of 333908?
False
Is 141611 even?
False
Is 68717 a multiple of 152?
False
Is 113 a factor of 284042?
False
Is